{"id":2799,"date":"2024-08-24T11:01:18","date_gmt":"2024-08-24T09:01:18","guid":{"rendered":"https:\/\/bisconf.org\/2025\/?page_id=2799"},"modified":"2025-02-19T18:01:04","modified_gmt":"2025-02-19T17:01:04","slug":"program-committee","status":"publish","type":"page","link":"https:\/\/bisconf.org\/2025\/program-committee\/","title":{"rendered":"Program Committee"},"content":{"rendered":"<h2>Chair<\/h2>\n<ul>\n<li><strong>Krzysztof W\u0119cel<\/strong>, Pozna\u0144 University of Economics and Business<\/li>\n<\/ul>\n<h2>Honorary Chair<\/h2>\n<ul>\n<li><strong>Witold Abramowicz<\/strong>, Pozna\u0144 University of Economics and Business<\/li>\n<\/ul>\n<h2>Program Committee<\/h2>\n<ul>\n<li><strong>Rainer Alt<\/strong>, Leipzig University<\/li>\n<li><strong>Dimitris Apostolou<\/strong>, University of Piraeus<\/li>\n<li><strong>Timothy Arndt<\/strong>, Cleveland State University<\/li>\n<li><strong>Oscar Avila<\/strong>, UniAndes<\/li>\n<li><strong>Akhilesh Bajaj<\/strong>, University of Tulsa<\/li>\n<li><strong>Abdul Babar<\/strong>, Western Sydney University<\/li>\n<li><strong>Morad Benyoucef<\/strong>, University of Ottawa<\/li>\n<li><strong>Fran\u00e7ois Charoy<\/strong>, Universit\u00e9 de Lorraine &#8211; LORIA &#8211; Inria<\/li>\n<li><strong>Rafael Corchuelo<\/strong>, University of Seville<\/li>\n<li><strong>Beata Czarnacka-Chrobot<\/strong>, Warsaw School of Economics<\/li>\n<li><strong>Remzi \u00c7elebi<\/strong>, Maastricht University<\/li>\n<li><strong>Sergiu Dascalu<\/strong>, University of Nevada, Reno<\/li>\n<li><strong>Christophe Debruyne<\/strong>, Universit\u00e9 de Li\u00e8ge<\/li>\n<li><strong>Suzanne Embury<\/strong>, The University of Manchester<\/li>\n<li><strong>Agata Filipowska<\/strong>, Pozna\u0144 University of Economics and Business<\/li>\n<li><strong>Ugo Fiore<\/strong>, Federico II University<\/li>\n<li><strong>Paul Fodor<\/strong>, Stony Brook University<\/li>\n<li><strong>Adrian Florea<\/strong>, &#8216;Lucian Blaga&#8217; University of Sibiu<\/li>\n<li><strong>Naoki Fukuta<\/strong>, Shizuoka University<\/li>\n<li><strong>Vijay Govindarajan<\/strong>, Expedia Group Inc<\/li>\n<li><strong>Volker Gruhn<\/strong>, Universit\u00e4t Duisburg-Essen<\/li>\n<li><strong>Olaf Hartig<\/strong>, Link\u00f6ping University<\/li>\n<li><strong>Marcin Hernes<\/strong>, Wroc\u0142aw University of Economics and Business<\/li>\n<li><strong>Dorota Jelonek<\/strong>, Czestochowa University of Technology<\/li>\n<li><strong>Ralf Klischewski<\/strong>, German University in Cairo<\/li>\n<li><strong>Jun Kong<\/strong>, North Dakota State University<\/li>\n<li><strong>Agnes Koschmider<\/strong>, University of Bayreuth<\/li>\n<li><strong>Dalia Kriksciuniene<\/strong>, Vilnius University<\/li>\n<li><strong>Chahrazed Labba<\/strong>, Universit\u00e9 de Lorraine<\/li>\n<li><strong>Yu Lei<\/strong>, University of Texas at Arlington<\/li>\n<li><strong>El\u017cbieta Lewa\u0144ska<\/strong>, Pozna\u0144 University of Economics and Business<\/li>\n<li><strong>W\u0142odzimierz Lewoniewski<\/strong>, Pozna\u0144 University of Economics and Business<\/li>\n<li><strong>Julia Li<\/strong>, University of Massachusetts Dartmouth<\/li>\n<li><strong>Andrea Marrella<\/strong>, Sapienza University of Rome<\/li>\n<li><strong>Edgard Marx<\/strong>, Leipzig University of Applied Sciences (HTWK)<\/li>\n<li><strong>Raimundas Matulevicius<\/strong>, University of Tartu<\/li>\n<li><strong>Andreas Oberweis<\/strong>, Karlsruhe Institute of Technology<\/li>\n<li><strong>Toacy Oliveira<\/strong>, COPPE\/UFRJ<\/li>\n<li><strong>Eric Paquet<\/strong>, National Research Council<\/li>\n<li><strong>Adrian Paschke<\/strong>, Freie Universitaet Berlin<\/li>\n<li><strong>Zbigniew Pastuszak<\/strong>, Maria Curie-Sklodowska University<\/li>\n<li><strong>Marco Pegoraro<\/strong>, RWTH Aachen University<\/li>\n<li><strong>Birgit Proell<\/strong>, FAW, Johannes Kepler University Linz<\/li>\n<li><strong>Elke Pulvermueller<\/strong>, Institute of Computer Science, University of Osnabrueck<\/li>\n<li><strong>Zbigniew Ras<\/strong>, UNC Charlotte<\/li>\n<li><strong>David Romero<\/strong>, Tecnol\u00f3gico de Monterrey<\/li>\n<li><strong>Virgilijus Sakalauskas<\/strong>, Vilnius University<\/li>\n<li><strong>Demetrios Sampson<\/strong>, Curtin University<\/li>\n<li><strong>Kurt Sandkuhl<\/strong>, The University of Rostock<\/li>\n<li><strong>Alexander Smirnov<\/strong>, SPIIRAS<\/li>\n<li><strong>Stefan Smolnik<\/strong>, University of Hagen<\/li>\n<li><strong>Milena Str\u00f3\u017cyna<\/strong>, Poznan University of Economics and Business<\/li>\n<li><strong>Kia Teymourian<\/strong>, The University of Texas at Austin<\/li>\n<li><strong>Herve Verjus<\/strong>, Universite Savoie Mont Blanc &#8211; LISTIC<\/li>\n<li><strong>Hans Weigand<\/strong>, Tilburg University<\/li>\n<li><strong>Ewa Ziemba<\/strong>, University of Economics in Katowice<\/li>\n<\/ul>\n","protected":false},"excerpt":{"rendered":"<p>Chair Krzysztof W\u0119cel, Pozna\u0144 University of Economics and Business Honorary Chair Witold Abramowicz, Pozna\u0144 University of Economics and Business Program&hellip; <\/p>\n","protected":false},"author":1,"featured_media":0,"parent":0,"menu_order":0,"comment_status":"closed","ping_status":"closed","template":"","meta":[],"_links":{"self":[{"href":"https:\/\/bisconf.org\/2025\/wp-json\/wp\/v2\/pages\/2799"}],"collection":[{"href":"https:\/\/bisconf.org\/2025\/wp-json\/wp\/v2\/pages"}],"about":[{"href":"https:\/\/bisconf.org\/2025\/wp-json\/wp\/v2\/types\/page"}],"author":[{"embeddable":true,"href":"https:\/\/bisconf.org\/2025\/wp-json\/wp\/v2\/users\/1"}],"replies":[{"embeddable":true,"href":"https:\/\/bisconf.org\/2025\/wp-json\/wp\/v2\/comments?post=2799"}],"version-history":[{"count":0,"href":"https:\/\/bisconf.org\/2025\/wp-json\/wp\/v2\/pages\/2799\/revisions"}],"wp:attachment":[{"href":"https:\/\/bisconf.org\/2025\/wp-json\/wp\/v2\/media?parent=2799"}],"curies":[{"name":"wp","href":"https:\/\/api.w.org\/{rel}","templated":true}]}}