{"id":2876,"date":"2025-05-09T11:11:34","date_gmt":"2025-05-09T09:11:34","guid":{"rendered":"https:\/\/bisconf.org\/2025\/?page_id=2876"},"modified":"2025-06-26T14:03:33","modified_gmt":"2025-06-26T12:03:33","slug":"conference-programme","status":"publish","type":"page","link":"https:\/\/bisconf.org\/2025\/conference-programme\/","title":{"rendered":"Conference Programme"},"content":{"rendered":"<style>\n.zegar { border: 2px solid rgba(0, 0, 0, 0.5); -webkit-border-radius: 7px; -moz-border-radius: 7px; border-radius: 7px; font-weight: 600; margin-right: 1px; padding: 2px 5px; text-align: center; vertical-align: middle; white-space: nowrap;} .komorka { border-bottom: 1px solid #ccc; background: rgba(29, 87, 44,0.1);} .komorka a {font-weight: bold;} .kom2 {border-bottom: none; text-align:center; } .komorka:hover { border-bottom: 1px solid #2b4f32; background: rgba(29, 87, 44,0.3); } .progrm td {vertical-align: middle; text-align: center;} .progrm td a {color: #2b4f32; text-decoration: underline;} .progrm td a:hover {color: #2b4f32; text-decoration: none;} .room{font-size: 13px; font-style: italic;} @media only screen and (max-width: 780px) {.zgg{overflow: scroll;}} .tbl01{border-bottom: 1px solid #ccc; border-right: 1px solid #ccc; background: #2b4f32; color: #F7E9C5; text-align:center; vertical-align:middle;} @media only screen and (max-width: 780px) {.scrr{ overflow: scroll;}}<\/style>\n<style>.refz:target {background-color: #fcf7d2 !important; color: #014f0e !important;} ul.sps li {margin-bottom: 10px; line-height: normal;}<\/style>\n<div class=\"scrr\">\n<p>Speakers in both conference and workshop sessions receive 20 minutes for their talk and 10 minutes for Q&#038;A.<\/p>\n<h2>25<sup>th<\/sup> June 2025, Wednesday<\/h2>\n<table class=\"progrm\" style=\"border: 0; text-align: center; border-bottom: 1px solid #cccccc;\" width=\"100%\">\n<thead>\n<tr>\n<th class=\"tbl01\">Time (CEST)<\/th>\n<th class=\"tbl01\" style=\"width: 40%\">Session (room 4.1)<\/th>\n<th class=\"tbl01\" style=\"width: 40%\">Workshop (room 3.1)<\/th>\n<\/tr>\n<\/thead>\n<tbody style=\"border: 0;\">\n<tr>\n<td class=\"kom2\" style=\"border-left: 1px solid #e5e5e5;\"><span class=\"zegar list-count\">12:00-12:30<\/span><\/td>\n<td class=\"komorka\" colspan=\"2\">Registration<\/td>\n<\/tr>\n<tr>\n<td class=\"kom2\" style=\"border-left: 1px solid #e5e5e5;\"><span class=\"zegar list-count\">12:30-14:00<\/span><\/td>\n<td class=\"komorka\" colspan=\"2\"><a href=\"#keynote\">Inauguration &amp; Keynote plenary session<\/a><\/td>\n<\/tr>\n<tr>\n<td class=\"kom2\" style=\"border-left: 1px solid #e5e5e5;\"><span class=\"zegar list-count\">14:00-15:30<\/span><\/td>\n<td class=\"komorka\" colspan=\"2\">Lunch<\/td>\n<\/tr>\n<tr>\n<td class=\"kom2\" style=\"border-left: 1px solid #e5e5e5;\"><span class=\"zegar list-count\">15:30-17:00<\/span><\/td>\n<td class=\"komorka\"><a href=\"#aim\">Artificial Intelligence in Management<\/a><\/td>\n<td class=\"komorka\"><a href=\"#aktb1\">AKTB<\/a> (1)<\/td>\n<\/tr>\n<tr>\n<td class=\"kom2\" style=\"border-left: 1px solid #e5e5e5;\"><span class=\"zegar list-count\">17:00-17:30<\/span><\/td>\n<td class=\"komorka\" colspan=\"2\">Coffee break<\/td>\n<\/tr>\n<tr>\n<td class=\"kom2\" style=\"border-left: 1px solid #e5e5e5;\"><span class=\"zegar list-count\">17:30-19:00<\/span><\/td>\n<td class=\"komorka\"><a href=\"#aiv\">Artificial Intelligence for Visualization<\/a><\/td>\n<td class=\"komorka\"><a href=\"#aktb2\">AKTB<\/a> (2)<\/td>\n<\/tr>\n<tr>\n<td class=\"kom2\" style=\"border-left: 1px solid #e5e5e5;\"><span class=\"zegar list-count\">19:30-21:00<\/span><\/td>\n<td class=\"komorka\" colspan=\"2\"><a href=\"#reception\">Reception<\/a><\/td>\n<\/tr>\n<\/tbody>\n<\/table>\n<h2>26<sup>th<\/sup> June 2025, Thursday<\/h2>\n<table class=\"progrm\" style=\"border: 0; text-align: center; border-bottom: 1px solid #cccccc;\" width=\"100%\">\n<thead>\n<tr>\n<th class=\"tbl01\">Time (CEST)<\/th>\n<th class=\"tbl01\" style=\"width: 40%\">Session (room 4.1)<\/th>\n<th class=\"tbl01\" style=\"width: 40%\">Workshop (room 3.1)<\/th>\n<\/tr>\n<\/thead>\n<tbody style=\"border: 0;\">\n<tr>\n<tr>\n<td class=\"kom2\" style=\"border-left: 1px solid #e5e5e5;\"><span class=\"zegar list-count\">9:30-10:00<\/span><\/td>\n<td class=\"komorka\" colspan=\"2\">Registration<\/td>\n<\/tr>\n<td class=\"kom2\" style=\"border-left: 1px solid #e5e5e5;\"><span class=\"zegar list-count\">10:00-12:00<\/span><\/td>\n<td class=\"komorka\"><a href=\"#ailp\">Artificial Intelligence for Language Processing<\/a><\/td>\n<td class=\"komorka\"><\/td>\n<\/tr>\n<tr>\n<td class=\"kom2\" style=\"border-left: 1px solid #e5e5e5;\"><span class=\"zegar list-count\">12:00-13:30<\/span><\/td>\n<td class=\"komorka\" colspan=\"2\">Lunch<\/td>\n<\/tr>\n<tr>\n<td class=\"kom2\" style=\"border-left: 1px solid #e5e5e5;\"><span class=\"zegar list-count\">13:30-15:30<\/span><\/td>\n<td class=\"komorka\"><a href=\"#pm\">Process Mining<\/a><\/td>\n<td class=\"komorka\"><a href=\"#scibosem1\">SciBO-SEM<\/a> (1)<\/td>\n<\/tr>\n<tr>\n<td class=\"kom2\" style=\"border-left: 1px solid #e5e5e5;\"><span class=\"zegar list-count\">15:30-16:00<\/span><\/td>\n<td class=\"komorka\" colspan=\"2\">Coffee break<\/td>\n<\/tr>\n<tr>\n<td class=\"kom2\" style=\"border-left: 1px solid #e5e5e5;\"><span class=\"zegar list-count\">16:00-17:30<\/span><\/td>\n<td class=\"komorka\"><a href=\"#fp\">Finance and Privacy<\/a><\/td>\n<td class=\"komorka\"><a href=\"#scibosem2\">SciBO-SEM<\/a> (2)<\/td>\n<\/tr>\n<tr>\n<td class=\"kom2\" style=\"border-left: 1px solid #e5e5e5;\"><span class=\"zegar list-count\">19:00-21:30<\/span><\/td>\n<td class=\"komorka\" colspan=\"2\"><a href=\"#dinner\">Dinner<\/a><\/td>\n<\/tr>\n<\/table>\n<h2>27<sup>th<\/sup> June 2025, Friday<\/h2>\n<table class=\"progrm\" style=\"border: 0; text-align: center; border-bottom: 1px solid #cccccc;\" width=\"100%\">\n<thead>\n<tr>\n<th class=\"tbl01\">Time (CEST)<\/th>\n<th class=\"tbl01\" style=\"width: 80%\">Session (room 4.1)<\/th>\n<\/tr>\n<\/thead>\n<tbody style=\"border: 0;\">\n<tr>\n<td class=\"kom2\" style=\"border-left: 1px solid #e5e5e5;\"><span class=\"zegar list-count\">9:30-10:00<\/span><\/td>\n<td class=\"komorka\">Registration<\/td>\n<\/tr>\n<tr>\n<td class=\"kom2\" style=\"border-left: 1px solid #e5e5e5;\"><span class=\"zegar list-count\">10:00-11:30<\/span><\/td>\n<td class=\"komorka\"><a href=\"#dpd\">Data Platforms and Deployment<\/a><\/td>\n<\/tr>\n<tr>\n<td class=\"kom2\" style=\"border-left: 1px solid #e5e5e5;\"><span class=\"zegar list-count\">11:30-12:00<\/span><\/td>\n<td class=\"komorka\">Coffee break<\/td>\n<\/tr>\n<tr>\n<td class=\"kom2\" style=\"border-left: 1px solid #e5e5e5;\"><span class=\"zegar list-count\">12:00-13:30<\/span><\/td>\n<td class=\"komorka\"><a href=\"#sosa\">Sustainable Operations and Smart Automation<\/a><\/td>\n<\/tr>\n<tr>\n<td class=\"kom2\" style=\"border-left: 1px solid #e5e5e5;\"><span class=\"zegar list-count\">13:30-14:00<\/span><\/td>\n<td class=\"komorka\">Closing ceremony<\/td>\n<\/tr>\n<\/tbody>\n<\/table>\n<\/div>\n<h2 style=\"text-align: center; font-size: 30px;\">Detailed schedule:<\/h2>\n<div style=\"border: 1px solid #cccccc; padding: 10px;\">\n<p><a style=\"margin-top: -100px; display: block;\" name=\"keynote\"><\/a><\/p>\n<h2 style=\"margin-top: 130px;\">Inauguration &#038; Keynote plenary session<\/h2>\n<p><span class=\"zegar list-count\"><a style=\"color: #4a4a4a;\" href=\"#\">Wednesday, 25 June<\/a><\/span> <span class=\"zegar list-count\">12:30 &#8211; 14:00 CEST<\/span><\/p>\n<ul>\n<li><a href=\"https:\/\/bisconf.org\/2025\/keynote\/gerard-de-melo\/\"><strong>Gerard de Melo<\/strong><\/a>. Confidently Wrong, Yet Effective: Techniques for Deploying Imperfect AI<\/li>\n<\/ul>\n<h2 style=\"text-align: center; border-bottom: 1px solid #2b4f32; border-top: 1px solid #2b4f32; padding: 5px; background-color: #e8f0e9;\">BIS sessions<\/h2>\n<p><a style=\"margin-top: -100px; display: block;\" name=\"aim\"><\/a><\/p>\n<h2 style=\"margin-top: 130px;\">Artificial Intelligence in Management<\/h2>\n<p><span class=\"zegar list-count\"><a style=\"color: #4a4a4a;\" href=\"#\">Wednesday, 25 June<\/a><\/span> <span class=\"zegar list-count\">15:30 &#8211; 17:00 CEST<\/span><\/p>\n<ul class=\"sps\">\n<li><strong>Christopher Wissuchek<\/strong>, Patrick Zschech.<br \/><em>Challenges in Managing the Relationship Between Agentic AI Systems and Humans in Organizations<\/em><\/li>\n<li><strong>Maja Dieckmann<\/strong>, Ralf-Christian H\u00e4rting, Joerg Bueechl, Rosalie Schw\u00f6rer.<br \/><em>Opportunities and Challenges of Artificial Intelligence in Hiring from a Recruiter\u2019s Perspective<\/em><\/li>\n<li><strong>Aleksandra Kopyto<\/strong>, Bartosz Wachnik.<br \/><em>Identification of challenges in the economic evaluation of AI project<\/em><\/li>\n<\/ul>\n<p><a style=\"margin-top: -100px; display: block;\" name=\"aiv\"><\/a><\/p>\n<h2 style=\"margin-top: 130px;\">Artificial Intelligence for Visualization<\/h2>\n<p><span class=\"zegar list-count\"><a style=\"color: #4a4a4a;\" href=\"#\">Wednesday, 25 June<\/a><\/span> <span class=\"zegar list-count\">17:30 &#8211; 19:00 CEST<\/span><\/p>\n<ul class=\"sps\">\n<li>Szczepan G\u00f3rtowski, <strong>El\u017cbieta Lewa\u0144ska<\/strong>.<br \/><em>LumiViz: Automating Business Data Visualization with Generative AI<\/em><\/li>\n<li><strong>Stanis\u0142aw Kumor<\/strong>, Mikolaj Maik, <strong>Krzysztof Walczak<\/strong>.<br \/><em>AI-Driven Video Avatar for Academic Support<\/em><\/li>\n<li><strong>Dorothea Schneider<\/strong>.<br \/><em>Think Outside the Box &#8211; and Between Them: A Visual Guide to Smarter Technological Development<\/em><\/li>\n<\/ul>\n<p><a style=\"margin-top: -100px; display: block;\" name=\"ailp\"><\/a><\/p>\n<h2 style=\"margin-top: 130px;\">Artificial Intelligence for Language Processing<\/h2>\n<p><span class=\"zegar list-count\"><a style=\"color: #4a4a4a;\" href=\"#\">Thursday, 26 June<\/a><\/span> <span class=\"zegar list-count\">10:00 &#8211; 12:00 CEST<\/span><\/p>\n<ul class=\"sps\">\n<li>Moritz Jehnert, Christoph Meyer, <strong>Kurt Sandkuhl<\/strong>.<br \/><em>Interview Study to Determine the Potential of Large Language Model Usage in IT-Consultancy<\/em><\/li>\n<li>Milena Str\u00f3\u017cyna, Wlodzimierz Lewoniewski, <strong>Izabela Czumalowska<\/strong>, <strong>Aleksandra Wojewoda<\/strong>.<br \/><em>Sentiment Analysis of Wikipedia Articles about Companies: A Comparison of Different Models<\/em><\/li>\n<li><strong>Jan \u010cern\u00fd<\/strong>.<br \/><em>AI-Driven Patent Claim Construction: Opportunity or the Dawn of Inventive Cannibalism?<\/em><\/li>\n<li><strong>Ewelina Ksi\u0119\u017cniak<\/strong>, Marcin Sawi\u0144ski.<br \/><em>Political Narratives and Misinformation During the COVID-19 Pandemic: A Comparative Analysis of Polish Political Parties on Twitter<\/em><\/li>\n<\/ul>\n<p><a style=\"margin-top: -100px; display: block;\" name=\"pm\"><\/a><\/p>\n<h2 style=\"margin-top: 130px;\">Process Mining<\/h2>\n<p><span class=\"zegar list-count\"><a style=\"color: #4a4a4a;\" href=\"#\">Thursday, 26 June<\/a><\/span> <span class=\"zegar list-count\">13:30 &#8211; 15:30 CEST<\/span><\/p>\n<ul class=\"sps\">\n<li><strong>Irina Tentina<\/strong>, Felix Mannhardt, Francesca Zerbato, Boudewijn van Dongen.<br \/><em>Can Users Trust Process Mining?<\/em><\/li>\n<li><strong>Serena Racis<\/strong>, Alessandro Spano.<br \/><em>Do not stay behind: Embracing Process Mining in the Italian public sector<\/em><\/li>\n<li><strong>Florian Eckhard<\/strong>, Holger Wittges, Stefanie Rinderle-Ma.<br \/><em>Exploring the Role of Visualization in Process Mining: A Systematic Literature Review<\/em><\/li>\n<li><strong>Dina Kretzschmann<\/strong>, Alessandro Berti, Wil M. P. van der Aalst.<br \/><em>A Data-Driven Framework for Retail Inventory Optimization: Integrating Object-Centric Process Mining and Mathematical Models<\/em><\/li>\n<\/ul>\n<p><a style=\"margin-top: -100px; display: block;\" name=\"fp\"><\/a><\/p>\n<h2 style=\"margin-top: 130px;\">Finance and Privacy<\/h2>\n<p><span class=\"zegar list-count\"><a style=\"color: #4a4a4a;\" href=\"#\">Thursday, 26 June<\/a><\/span> <span class=\"zegar list-count\">16:00 &#8211; 17:30 CEST<\/span><\/p>\n<ul class=\"sps\">\n<li><strong>Patryk Szreder<\/strong>, <strong>Piotr Stolarski<\/strong>.<br \/><em>Cryptocurrency Wallet Security in the Era of Big Data and Quantum Computing: Brute Force Attacks and Blockchain Analysis with Google BigQuery<\/em><\/li>\n<li>Gintar\u0117 Ko\u0161ubien\u0117, <strong>Saulius Masteika<\/strong>.<br \/><em>Compliance On-Chain Framework for Decentralized Finance to Meet AML\/CTF Requirements while Preserving Privacy, Security and Decentralization<\/em><\/li>\n<li><strong>Helmi Ayari<\/strong>, Ramzi Guetari.<br \/><em>Integrating Genetic Algorithms and Ensemble Learning for Improved and Transparent Credit Scoring<\/em><\/li>\n<\/ul>\n<p><a style=\"margin-top: -100px; display: block;\" name=\"dpd\"><\/a><\/p>\n<h2 style=\"margin-top: 130px;\">Data Platforms and Deployment<\/h2>\n<p><span class=\"zegar list-count\"><a style=\"color: #4a4a4a;\" href=\"#\">Friday, 27 June<\/a><\/span> <span class=\"zegar list-count\">10:00 &#8211; 11:30 CEST<\/span><\/p>\n<ul class=\"sps\">\n<li><strong>Jan Schneider<\/strong>, Christoph Gr\u00f6ger, Arnold Lutsch, Holger Schwarz, Bernhard Mitschang.<br \/><em>Architectures and Implementations of Data Lakehouses: Case Studies from Industrial Practice<\/em><\/li>\n<li><strong>Dagmara Makula<\/strong>, Torben Tambo.<br \/><em>Reducing Risks of Continuous Deployments for SaaS Excellence: A Hybrid Risk-Model Matrix Approach Implementation of Continuous Deployments<\/em><\/li>\n<li>Christopher Reichstein, <strong>Ralf-Christian H\u00e4rting<\/strong>, Han Phan, Nicole Luk.<br \/><em>The Influence of Agile IT Departments: Appreciation as a Catalyst for Organizational Transformation<\/em><\/li>\n<\/ul>\n<p><a style=\"margin-top: -100px; display: block;\" name=\"sosa\"><\/a><\/p>\n<h2 style=\"margin-top: 130px;\">Sustainable Operations and Smart Automation<\/h2>\n<p><span class=\"zegar list-count\"><a style=\"color: #4a4a4a;\" href=\"#\">Friday, 27 June<\/a><\/span> <span class=\"zegar list-count\">12:00 &#8211; 13:30 CEST<\/span><\/p>\n<ul class=\"sps\">\n<li><strong>Walter S. A. Schwaiger<\/strong>, Josef Baum\u00fcller, Lalla Hasnae Alaoui.<br \/><em>Activity-Based Cost &#038; GHG Accounting: Conceptualization, Design and Implementation<\/em><\/li>\n<li><strong>Mariusz Rafalo<\/strong>.<br \/><em>Call Detail Record Generator for Modeling Real-World Telecommunication Scenarios<\/em><\/li>\n<li><strong>Jose G. Quenum<\/strong>.<br \/><em>Automating Water Management using an Online Planning Approach<\/em><\/li>\n<\/ul>\n<h2 style=\"text-align: center; border-bottom: 1px solid #2b4f32; border-top: 1px solid #2b4f32; padding: 5px; background-color: #e8f0e9;\">BIS workshops<\/h2>\n<p><a style=\"margin-top: -100px; display: block;\" name=\"aktb1\"><\/a><\/p>\n<h2 style=\"margin-top: 130px;\">AKTB 2025 &#8211; session 1<\/h2>\n<p><span class=\"zegar list-count\"><a style=\"color: #4a4a4a;\" href=\"#\">Wednesday, 25 June<\/a><\/span> <span class=\"zegar list-count\">15:30 &#8211; 17:00 CEST<\/span><\/p>\n<ul class=\"sps\">\n<li>Alessandro Berti, <strong>Dina Kretzschmann<\/strong>, Wil M.P. van der Aalst.<br \/><em>Segmentation for Optimizing Long-Lifecycle Processes in Object-Centric Process Mining<\/em><\/li>\n<li>Dominika Smoczynska, <strong>Agata Filipowska<\/strong>.<br \/><em>Supporting the Mental Health Care with Artificial Intelligence Chatbots<\/em><\/li>\n<li><strong>Ilona Veitaite<\/strong>.<br \/><em>Enhancing Cybersecurity: Evaluation of GenAI Tools for the Improvement of Social Engineering Awareness<\/em><\/li>\n<\/ul>\n<p><a style=\"margin-top: -100px; display: block;\" name=\"aktb2\"><\/a><\/p>\n<h2 style=\"margin-top: 130px;\">AKTB 2025 &#8211; session 2<\/h2>\n<p><span class=\"zegar list-count\"><a style=\"color: #4a4a4a;\" href=\"#\">Wednesday, 25 June<\/a><\/span> <span class=\"zegar list-count\">17:30 &#8211; 19:00 CEST<\/span><\/p>\n<ul class=\"sps\">\n<li><strong>Laura Atmanavi\u010di\u016bt\u0117<\/strong>, Mykolas Rutkauskas, Aristidas Lukas Kon\u010dius, Gintar\u0117 Ko\u0161ubien\u0117, <strong>Saulius Masteika<\/strong>.<br \/><em>Blockchain-based solution for decentralized identity aligned with EU and W3C standards<\/em><\/li>\n<li><strong>Georgia Kaoura<\/strong>, <strong>Basilis Boutsinas<\/strong>.<br \/><em>A Decision Support Tool towards detecting competition law infringements<\/em><\/li>\n<li><strong>Virgilijus Sakalauskas<\/strong>, <strong>Dalia Kriksciuniene<\/strong>, Paulius Baltru\u0161aitis.<br \/><em>SAI-Driven Approach to Image-Based Recognition<\/em><\/li>\n<\/ul>\n<p><a style=\"margin-top: -100px; display: block;\" name=\"scibosem1\"><\/a><\/p>\n<h2 style=\"margin-top: 130px;\">SciBO-SEM &#8211; session 1<\/h2>\n<p><span class=\"zegar list-count\"><a style=\"color: #4a4a4a;\" href=\"#\">Thursday, 26 June<\/a><\/span> <span class=\"zegar list-count\">13:30 &#8211; 15:30 CEST<\/span><\/p>\n<ul class=\"sps\">\n<li><strong>Alexandru Predescu<\/strong>, Mariana Mocanu.<br \/><em>Increasing Tourism Sustainability in Urban Centers with Digital Self-Guided Tours<\/em><\/li>\n<li><strong>\u0218tef\u0103nel Turcu<\/strong>, <strong>Alexandru Predescu<\/strong>, Nirvana Popescu, Mariana Mocanu, Ali Ganiyusufo\u011flu.<br \/><em>A Modular E-Learning Ecosystem for Green Entrepreneurship: Architecture, Implementation, and Personalization<\/em><\/li>\n<li><strong>Walter Schwaiger<\/strong>, Jeremias Meyer.<br \/><em>Activity-Based Cost &#038; Scope 3-GHG Accounting<\/em><\/li>\n<\/ul>\n<p><a style=\"margin-top: -100px; display: block;\" name=\"scibosem2\"><\/a><\/p>\n<h2 style=\"margin-top: 130px;\">SciBO-SEM &#8211; session 2<\/h2>\n<p><span class=\"zegar list-count\"><a style=\"color: #4a4a4a;\" href=\"#\">Thursday, 26 June<\/a><\/span> <span class=\"zegar list-count\">16:00 &#8211; 17:30 CEST<\/span><\/p>\n<ul class=\"sps\">\n<li><strong>Daniela Timisica,<\/strong> Razvan Dutescu, Radu Boncea.<br \/><em>Transforming Business with AI-Driven IoT Insights: Query, Process, and Visualize Data<\/em><\/li>\n<li><strong>Monica-Teodora Sc\u0103una\u0219u<\/strong>.<br \/><em>Integrating Data Science in Decision Support Systems for Risk Management: An Application in Human Trafficking Risk Assessment<\/em><\/li>\n<\/ul>\n<p><a style=\"margin-top: -100px; display: block;\" name=\"reception\"><\/a><\/p>\n<h2 style=\"margin-top: 130px; text-align: center; border-bottom: 1px solid #2b4f32; border-top: 1px solid #2b4f32; padding: 5px; background-color: #e8f0e9;\">Reception<\/h2>\n<p>The reception on June 25th is organized in <strong>BRO. Food. Beer. Chill.<\/strong> (<a href=\"https:\/\/maps.app.goo.gl\/CQv5xCSjvwvNTC429\" rel=\"noopener\" target=\"_blank\">map<\/a>). It\u2019s 10-15 min walk from Pozna\u0144 University of Economics and Business (<a href=\"https:\/\/maps.app.goo.gl\/JUeeNKJKzq7x2KXH8\" rel=\"noopener\" target=\"_blank\">map<\/a>). The closest tram\/bus stops are: \u201cRondo Kaponiera\u201d and \u201cMost Teatralny\u201d.<\/p>\n<p><a href=\"https:\/\/bisconf.org\/2025\/wp-content\/uploads\/2025\/06\/map1.png\"><img src=\"https:\/\/bisconf.org\/2025\/wp-content\/uploads\/2025\/06\/map1.png\" alt=\"\" width=\"100%\" class=\"aligncenter size-full wp-image-2894\" srcset=\"https:\/\/bisconf.org\/2025\/wp-content\/uploads\/2025\/06\/map1.png 969w, https:\/\/bisconf.org\/2025\/wp-content\/uploads\/2025\/06\/map1-300x186.png 300w, https:\/\/bisconf.org\/2025\/wp-content\/uploads\/2025\/06\/map1-768x476.png 768w\" sizes=\"(max-width: 969px) 100vw, 969px\" \/><\/a><\/p>\n<p><a style=\"margin-top: -100px; display: block;\" name=\"dinner\"><\/a><\/p>\n<h2 style=\"margin-top: 130px; text-align: center; border-bottom: 1px solid #2b4f32; border-top: 1px solid #2b4f32; padding: 5px; background-color: #e8f0e9;\">Dinner<\/h2>\n<p>The dinner on June 26th will be held in <strong>Reymonta 19 Restaurant<\/strong> (<a href=\"https:\/\/maps.app.goo.gl\/Pu5badHsKjGWhFLj7\" rel=\"noopener\" target=\"_blank\">map<\/a>). The closest tram\/bus stops are: \u201cRondo Nowaka-Jeziora\u0144skiego\u201d and \u201cArena\u201d.<br \/>\n<a href=\"https:\/\/bisconf.org\/2025\/wp-content\/uploads\/2025\/06\/map2.png\"><img src=\"https:\/\/bisconf.org\/2025\/wp-content\/uploads\/2025\/06\/map2.png\" alt=\"\" width=\"100%\" class=\"aligncenter size-full wp-image-2895\" srcset=\"https:\/\/bisconf.org\/2025\/wp-content\/uploads\/2025\/06\/map2.png 999w, https:\/\/bisconf.org\/2025\/wp-content\/uploads\/2025\/06\/map2-300x202.png 300w, https:\/\/bisconf.org\/2025\/wp-content\/uploads\/2025\/06\/map2-768x517.png 768w\" sizes=\"(max-width: 999px) 100vw, 999px\" \/><\/a>\n<\/div>\n","protected":false},"excerpt":{"rendered":"<p>Speakers in both conference and workshop sessions receive 20 minutes for their talk and 10 minutes for Q&#038;A. 25th June&hellip; <\/p>\n","protected":false},"author":1,"featured_media":0,"parent":0,"menu_order":0,"comment_status":"closed","ping_status":"closed","template":"","meta":[],"_links":{"self":[{"href":"https:\/\/bisconf.org\/2025\/wp-json\/wp\/v2\/pages\/2876"}],"collection":[{"href":"https:\/\/bisconf.org\/2025\/wp-json\/wp\/v2\/pages"}],"about":[{"href":"https:\/\/bisconf.org\/2025\/wp-json\/wp\/v2\/types\/page"}],"author":[{"embeddable":true,"href":"https:\/\/bisconf.org\/2025\/wp-json\/wp\/v2\/users\/1"}],"replies":[{"embeddable":true,"href":"https:\/\/bisconf.org\/2025\/wp-json\/wp\/v2\/comments?post=2876"}],"version-history":[{"count":0,"href":"https:\/\/bisconf.org\/2025\/wp-json\/wp\/v2\/pages\/2876\/revisions"}],"wp:attachment":[{"href":"https:\/\/bisconf.org\/2025\/wp-json\/wp\/v2\/media?parent=2876"}],"curies":[{"name":"wp","href":"https:\/\/api.w.org\/{rel}","templated":true}]}}