{"id":3011,"date":"2026-04-23T23:48:33","date_gmt":"2026-04-23T21:48:33","guid":{"rendered":"https:\/\/bisconf.org\/2026\/?page_id=3011"},"modified":"2026-04-24T15:26:23","modified_gmt":"2026-04-24T13:26:23","slug":"conference-programme","status":"publish","type":"page","link":"https:\/\/bisconf.org\/2026\/conference-programme\/","title":{"rendered":"Conference Programme"},"content":{"rendered":"<style>.zegar { border: 2px solid rgba(0, 0, 0, 0.5); -webkit-border-radius: 7px; -moz-border-radius: 7px; border-radius: 7px; font-weight: 600; margin-right: 1px; padding: 2px 5px; text-align: center; vertical-align: middle; white-space: nowrap;} .komorka { border-bottom: 1px solid #ccc; background: rgba(131, 90, 154, 0.1);} .komorka a {font-weight: bold;} .kom2 {border-bottom: none; text-align:center; } .komorka:hover { border-bottom: 1px solid #3f2b4f; background: rgba(98, 58, 150, 0.3); } .progrm td {vertical-align: middle; text-align: center;} .progrm td a {color: #69217d; text-decoration: underline;} .progrm td a:hover {color: #3f2b4f; text-decoration: none;} .room{font-size: 13px; font-style: italic;} @media only screen and (max-width: 780px) {.zgg{overflow: scroll;}} .tbl01{border-bottom: 1px solid #ccc; border-right: 1px solid #ccc; background: #583568; color: #F7E9C5; text-align:center; vertical-align:middle;} @media only screen and (max-width: 780px) {.scrr{ overflow: scroll;}}<\/style>\n<style>.refz:target {background-color: #fcf7d2 !important; color: #25014f !important;} ul.sps li {margin-bottom: 10px; line-height: normal;} .h2details {text-align: center; border-bottom: 1px solid #422b4f; border-top: 1px solid #422b4f; padding: 5px; background-color: #eee8f0;}<\/style>\n<div class=\"scrr\">\nThis is a preliminary programme and is subject to change.<\/p>\n<h2>10<sup>th<\/sup> June 2026, Wednesday<\/h2>\n<table class=\"progrm\" style=\"border: 0; text-align: center; border-bottom: 1px solid #cccccc;\" width=\"100%\">\n<thead>\n<tr>\n<th class=\"tbl01\">Time (CEST)<\/th>\n<th class=\"tbl01\" style=\"width: 40%\">Sessions<\/th>\n<th class=\"tbl01\" style=\"width: 40%\">Workshops &amp; Sessions<\/th>\n<\/tr>\n<\/thead>\n<tbody style=\"border: 0;\">\n<tr>\n<td class=\"kom2\" style=\"border-left: 1px solid #e5e5e5;\"><span class=\"zegar list-count\">10:00-11:00<\/span><\/td>\n<td class=\"komorka\" colspan=\"2\">Inauguration &amp; Keynote plenary session<\/td>\n<\/tr>\n<tr>\n<td class=\"kom2\" style=\"border-left: 1px solid #e5e5e5;\"><span class=\"zegar list-count\">11:00-12:00<\/span><\/td>\n<td class=\"komorka\" colspan=\"2\">Discussion panel<\/td>\n<\/tr>\n<tr>\n<td class=\"kom2\" style=\"border-left: 1px solid #e5e5e5;\"><span class=\"zegar list-count\">12:00-12:30<\/span><\/td>\n<td class=\"komorka\" colspan=\"2\">Coffee break<\/td>\n<\/tr>\n<tr>\n<td class=\"kom2\" style=\"border-left: 1px solid #e5e5e5;\"><span class=\"zegar list-count\">12:30-14:00<\/span><\/td>\n<td class=\"komorka\"><a href=\"#saim\">Strategy, Architectures and Information Maturity<\/a><\/td>\n<td class=\"komorka\">TBA<\/td>\n<\/tr>\n<tr>\n<td class=\"kom2\" style=\"border-left: 1px solid #e5e5e5;\"><span class=\"zegar list-count\">14:00-15:30<\/span><\/td>\n<td class=\"komorka\" colspan=\"2\">Lunch<\/td>\n<\/tr>\n<tr>\n<td class=\"kom2\" style=\"border-left: 1px solid #e5e5e5;\"><span class=\"zegar list-count\">15:30-17:00<\/span><\/td>\n<td class=\"komorka\"><a href=\"#is\">Information Safety<\/a><\/td>\n<td class=\"komorka\">TBA<\/td>\n<\/tr>\n<tr>\n<td class=\"kom2\" style=\"border-left: 1px solid #e5e5e5;\"><span class=\"zegar list-count\">17:00-17:30<\/span><\/td>\n<td class=\"komorka\" colspan=\"2\">Coffee break<\/td>\n<\/tr>\n<tr>\n<td class=\"kom2\" style=\"border-left: 1px solid #e5e5e5;\"><span class=\"zegar list-count\">17:30-19:00<\/span><\/td>\n<td class=\"komorka\"><a href=\"#aipd\">AI for Product Development<\/a><\/td>\n<td class=\"komorka\"><a href=\"#various-applications\">Various applications<\/a><\/td>\n<\/tr>\n<tr>\n<td class=\"kom2\" style=\"border-left: 1px solid #e5e5e5;\"><span class=\"zegar list-count\">19:00-21:00<\/span><\/td>\n<td class=\"komorka\" colspan=\"2\">Reception<\/td>\n<\/tr>\n<\/tbody>\n<\/table>\n<h2>11<sup>th<\/sup> June 2026, Thursday<\/h2>\n<table class=\"progrm\" style=\"border: 0; text-align: center; border-bottom: 1px solid #cccccc;\" width=\"100%\">\n<thead>\n<tr>\n<th class=\"tbl01\">Time (CEST)<\/th>\n<th class=\"tbl01\" style=\"width: 40%\">Sessions<\/th>\n<th class=\"tbl01\" style=\"width: 40%\">Workshops<\/th>\n<\/tr>\n<\/thead>\n<tbody style=\"border: 0;\">\n<tr>\n<td class=\"kom2\" style=\"border-left: 1px solid #e5e5e5;\"><span class=\"zegar list-count\">09:00-10:30<\/span><\/td>\n<td class=\"komorka\"><a href=\"#tai\">Trustworthy AI<\/a><\/td>\n<td class=\"komorka\">TBA<\/td>\n<\/tr>\n<tr>\n<td class=\"kom2\" style=\"border-left: 1px solid #e5e5e5;\"><span class=\"zegar list-count\">10:30-11:00<\/span><\/td>\n<td class=\"komorka\" colspan=\"2\">Coffee break<\/td>\n<\/tr>\n<tr>\n<td class=\"kom2\" style=\"border-left: 1px solid #e5e5e5;\"><span class=\"zegar list-count\">11:00-12:30<\/span><\/td>\n<td class=\"komorka\"><a href=\"#pma\">Process Management and Automation<\/a><\/td>\n<td class=\"komorka\">TBA<\/td>\n<\/tr>\n<tr>\n<td class=\"kom2\" style=\"border-left: 1px solid #e5e5e5;\"><span class=\"zegar list-count\">12:30-14:00<\/span><\/td>\n<td class=\"komorka\" colspan=\"2\">Lunch<\/td>\n<\/tr>\n<tr>\n<td class=\"kom2\" style=\"border-left: 1px solid #e5e5e5;\"><span class=\"zegar list-count\">14:00-15:30<\/span><\/td>\n<td class=\"komorka\"><a href=\"#ftk\">From Text to Knowledge<\/a><\/td>\n<td class=\"komorka\">AILS<\/td>\n<\/tr>\n<tr>\n<td class=\"kom2\" style=\"border-left: 1px solid #e5e5e5;\"><span class=\"zegar list-count\">15:30-16:00<\/span><\/td>\n<td class=\"komorka\" colspan=\"2\">Coffee break<\/td>\n<\/tr>\n<tr>\n<td class=\"kom2\" style=\"border-left: 1px solid #e5e5e5;\"><span class=\"zegar list-count\">16:00-17:30<\/span><\/td>\n<td class=\"komorka\"><a href=\"#sr\">Speech Recognition<\/a><\/td>\n<td class=\"komorka\">AILS<\/td>\n<\/tr>\n<tr>\n<td class=\"kom2\" style=\"border-left: 1px solid #e5e5e5;\"><span class=\"zegar list-count\">19:00-21:30<\/span><\/td>\n<td class=\"komorka\" colspan=\"2\">Dinner<\/td>\n<\/tr>\n<\/tbody>\n<\/table>\n<h2>12<sup>th<\/sup> June 2026, Friday<\/h2>\n<table class=\"progrm\" style=\"border: 0; text-align: center; border-bottom: 1px solid #cccccc;\" width=\"100%\">\n<thead>\n<tr>\n<th class=\"tbl01\">Time (CEST)<\/th>\n<th class=\"tbl01\" style=\"width: 40%\">Sessions<\/th>\n<th class=\"tbl01\" style=\"width: 40%\">Doctoral consortium<\/th>\n<\/tr>\n<\/thead>\n<tbody style=\"border: 0;\">\n<tr>\n<td class=\"kom2\" style=\"border-left: 1px solid #e5e5e5;\"><span class=\"zegar list-count\">10:00-11:30<\/span><\/td>\n<td class=\"komorka\"><a href=\"#iml\">Innovations in Machine Learning<\/a><\/td>\n<td class=\"komorka\">Doctoral consortium<\/td>\n<\/tr>\n<tr>\n<td class=\"kom2\" style=\"border-left: 1px solid #e5e5e5;\"><span class=\"zegar list-count\">11:30-12:00<\/span><\/td>\n<td class=\"komorka\" colspan=\"2\">Coffee break<\/td>\n<\/tr>\n<tr>\n<td class=\"kom2\" style=\"border-left: 1px solid #e5e5e5;\"><span class=\"zegar list-count\">12:00-13:30<\/span><\/td>\n<td class=\"komorka\"><a href=\"#raibis\">Requirements for AI and BI Systems<\/a><\/td>\n<td class=\"komorka\">Doctoral consortium<\/td>\n<\/tr>\n<tr>\n<td class=\"kom2\" style=\"border-left: 1px solid #e5e5e5;\"><span class=\"zegar list-count\">13:30-14:00<\/span><\/td>\n<td class=\"komorka\" colspan=\"2\">Closing ceremony<\/td>\n<\/tr>\n<\/tbody>\n<\/table>\n<h2 style=\"text-align: center; font-size: 30px;\">Detailed schedule:<\/h2>\n<div style=\"border: 1px solid #cccccc; padding: 10px;\">\n<h2 class=\"h2details\">BIS sessions<\/h2>\n<p><a style=\"margin-top: -100px; display: block;\" name=\"keynote\"><\/a><\/p>\n<h2 style=\"margin-top: 130px;\">Inauguration &amp; Keynote plenary session<\/h2>\n<p><span class=\"zegar list-count\"><a style=\"color: #4a4a4a;\" href=\"#\">Wednesday, 10 June<\/a><\/span> <span class=\"zegar list-count\">10:00 &#8211; 11:00 CEST<\/span><\/p>\n<ul class=\"sps\">\n<li>TBA<\/li>\n<\/ul>\n<p><a style=\"margin-top: -100px; display: block;\" name=\"discussion-panel\"><\/a><\/p>\n<h2 style=\"margin-top: 130px;\">Discussion panel<\/h2>\n<p><span class=\"zegar list-count\"><a style=\"color: #4a4a4a;\" href=\"#\">Wednesday, 10 June<\/a><\/span> <span class=\"zegar list-count\">11:00 &#8211; 12:00 CEST<\/span><\/p>\n<ul class=\"sps\">\n<li>TBA<\/li>\n<\/ul>\n<p><a style=\"margin-top: -100px; display: block;\" name=\"saim\"><\/a><\/p>\n<h2 style=\"margin-top: 130px;\">Strategy, Architectures and Information Maturity<\/h2>\n<p><span class=\"zegar list-count\"><a style=\"color: #4a4a4a;\" href=\"#\">Wednesday, 10 June<\/a><\/span> <span class=\"zegar list-count\">12:30 &#8211; 14:00 CEST<\/span><\/p>\n<ul class=\"sps\">\n<li>Apalkova, Fritz. <br \/><em>Analytics Maturity in Organizations: BI and AI Capability Development<\/em><\/li>\n<li>Nast, Arlt, Dakowski, Sandkuhl. <br \/><em>Large Language Models for Generating ArchiMate Models<\/em><\/li>\n<li>Ravichandran, Bick. <br \/><em>Strategic Choices for AI Transformation in Banking<\/em><\/li>\n<\/ul>\n<p><a style=\"margin-top: -100px; display: block;\" name=\"is\"><\/a><\/p>\n<h2 style=\"margin-top: 130px;\">Information Safety<\/h2>\n<p><span class=\"zegar list-count\"><a style=\"color: #4a4a4a;\" href=\"#\">Wednesday, 10 June<\/a><\/span> <span class=\"zegar list-count\">15:30 &#8211; 17:00 CEST<\/span><\/p>\n<ul class=\"sps\">\n<li>Onohara, Mimura. <br \/><em>Towards a Generic Fake News Detection Method Independent of Linguistic Features<\/em><\/li>\n<li>Szczepaniak, W\u00f3jtowicz. <br \/><em>Facilitating Disinformation Detection in Social Media with XScanner Approach<\/em><\/li>\n<li>Meyer, M\u00f6ller, Schoormann, Jussen-Lengersdorf. <br \/><em>Sensitive Information Sharing in Supply Chains to Overcome Shortages: Findings from a Design Study<\/em><\/li>\n<\/ul>\n<p><a style=\"margin-top: -100px; display: block;\" name=\"aipd\"><\/a><\/p>\n<h2 style=\"margin-top: 130px;\">AI for Product Development<\/h2>\n<p><span class=\"zegar list-count\"><a style=\"color: #4a4a4a;\" href=\"#\">Wednesday, 10 June<\/a><\/span> <span class=\"zegar list-count\">17:30 &#8211; 19:00 CEST<\/span><\/p>\n<ul class=\"sps\">\n<li>Michelberger, Kl\u00f6pfer, Huber. <br \/><em>Toward a Method for Accurate and Explainable Cost Estimation Using Artificial Intelligence in Product Development<\/em><\/li>\n<li>Koralewski, Dratwi\u0144ski. <br \/><em>Optimizing AI-Generated Product Descriptions Through Behavioral Feedback: Evidence from a Production E-Commerce System<\/em><\/li>\n<li>Hen\u00dfler, H\u00f6nn, Lauber, Haerting, Ulrich, Scheppach. <br \/><em>Product Experience Management in E-Commerce -Potential of PXM Solutions in a Generational Comparison<\/em><\/li>\n<\/ul>\n<p><a style=\"margin-top: -100px; display: block;\" name=\"various-applications\"><\/a><\/p>\n<h2 style=\"margin-top: 130px;\">Various applications<\/h2>\n<p><span class=\"zegar list-count\"><a style=\"color: #4a4a4a;\" href=\"#\">Wednesday, 10 June<\/a><\/span> <span class=\"zegar list-count\">17:30 &#8211; 19:00 CEST<\/span><\/p>\n<ul class=\"sps\">\n<li>Cellarova, Kedziora, Goudarzi, Collan. <br \/><em>Adopting Generative AI \u2013 preliminary survey results about expectations about the use and the effects of use from the financial industry<\/em><\/li>\n<li>Beden, Blake Hurley, Giannetti, Beckmann. <br \/><em>Blockchain-based Digital Product Passports and their Feasibility in Steelmaking<\/em><\/li>\n<li>Sakalauskas, Kriksciuniene. <br \/><em>Integrated method for exploring causal effects of sensitivity to post-stroke treatment<\/em><\/li>\n<li>Emmerich, Wi\u00dfotzki. <br \/><em>Understanding Parking Behaviour and Traffic Percep-tions in Tourism Regions: Results from a Large-Scale Survey on Sylt<\/em><\/li>\n<\/ul>\n<p><a style=\"margin-top: -100px; display: block;\" name=\"tai\"><\/a><\/p>\n<h2 style=\"margin-top: 130px;\">Trustworthy AI<\/h2>\n<p><span class=\"zegar list-count\"><a style=\"color: #4a4a4a;\" href=\"#\">Thursday, 11 June<\/a><\/span> <span class=\"zegar list-count\">09:00 &#8211; 10:30 CEST<\/span><\/p>\n<ul class=\"sps\">\n<li>Olivi Tiltack, Dong, Yu, Chen. <br \/><em>An Evidence-First Reference Model for Trustworthy AI in Business Information Systems<\/em><\/li>\n<li>Kummer, Bick, Laule. <br \/><em>Anthropomorphic Cues in AI Chatbots: Boundary Conditions for Trust Formation<\/em><\/li>\n<li>Koppel, Kalvet, Tammet. <br \/><em>Enhancing ChatGPT with a decision support framework to resolve management decision scenarios<\/em><\/li>\n<\/ul>\n<p><a style=\"margin-top: -100px; display: block;\" name=\"pma\"><\/a><\/p>\n<h2 style=\"margin-top: 130px;\">Process Management and Automation<\/h2>\n<p><span class=\"zegar list-count\"><a style=\"color: #4a4a4a;\" href=\"#\">Thursday, 11 June<\/a><\/span> <span class=\"zegar list-count\">11:00 &#8211; 12:30 CEST<\/span><\/p>\n<ul class=\"sps\">\n<li>Baijens, Simonis, Duijsens. <br \/><em>Unbottling the Bottlenecks: Analyzing the Consumer Process of Deposit Beverage Packaging Using a Human-Logged Process Mining Approach<\/em><\/li>\n<li>Raza, Rabhi, Joukhadar, Kumar. <br \/><em>AI-Driven Business Process Composition for Enterprise Information Exchange within IE-BSE Framework: An Empirical Case Analysis on E-invoicing<\/em><\/li>\n<li>Zuo. <br \/><em>VeriFlow: Multi-Dimensional Verification of LLM-Generated Low-Code Workflows<\/em><\/li>\n<\/ul>\n<p><a style=\"margin-top: -100px; display: block;\" name=\"ftk\"><\/a><\/p>\n<h2 style=\"margin-top: 130px;\">From Text to Knowledge<\/h2>\n<p><span class=\"zegar list-count\"><a style=\"color: #4a4a4a;\" href=\"#\">Thursday, 11 June<\/a><\/span> <span class=\"zegar list-count\">14:00 &#8211; 15:30 CEST<\/span><\/p>\n<ul class=\"sps\">\n<li>Ga\u0142\u0105zkiewicz. <br \/><em>A Heterogeneous Agentic RAG Architecture for Administrative Knowledge Management<\/em><\/li>\n<li>Fehr, Fu, Bernasconi, Fischer, Burn. <br \/><em>Agentic LLM Approach to Automated LOINC Code Assignment for Internal Laboratory Tests<\/em><\/li>\n<li>Gaudet, Peticca-Harris, McGregor. <br \/><em>An AI-Enabled Method for Reconstructing Knowledge Maps of Transient Heterarchical Collaborations Using Large Language Models<\/em><\/li>\n<\/ul>\n<p><a style=\"margin-top: -100px; display: block;\" name=\"sr\"><\/a><\/p>\n<h2 style=\"margin-top: 130px;\">Speech Recognition<\/h2>\n<p><span class=\"zegar list-count\"><a style=\"color: #4a4a4a;\" href=\"#\">Thursday, 11 June<\/a><\/span> <span class=\"zegar list-count\">16:00 &#8211; 17:30 CEST<\/span><\/p>\n<ul class=\"sps\">\n<li>Strykowski, Leszczy\u0144ski, Kumor, \u015aliwicki. <br \/><em>A Hybrid LLM-Based Architecture for Reliable Standardization of Heterogeneous Grant Information<\/em><\/li>\n<li>Kalibatiene, Jancevi\u010dius. <br \/><em>Comparative Evaluation of Automatic Speech Recognition Models for Multi-Accent University Admissions Interview Transcription<\/em><\/li>\n<li>Schuster, Tr\u00f6gele, D\u00f6ring, Kr\u00fcger, Hoffmann, Friedrich. <br \/><em>Benchmarking ASR Models in German Medical Contexts: A Performance Analysis Using Anamnesis Conversations<\/em><\/li>\n<\/ul>\n<p><a style=\"margin-top: -100px; display: block;\" name=\"iml\"><\/a><\/p>\n<h2 style=\"margin-top: 130px;\">Innovations in Machine Learning<\/h2>\n<p><span class=\"zegar list-count\"><a style=\"color: #4a4a4a;\" href=\"#\">Friday, 12 June<\/a><\/span> <span class=\"zegar list-count\">10:00 &#8211; 11:30 CEST<\/span><\/p>\n<ul class=\"sps\">\n<li>Zaitseva, Levashenko, Levashenko. <br \/><em>Reliability Modelling of Economic Systems Using Decision Trees and Multi-Valued Decision Diagrams<\/em><\/li>\n<li>Lee, Lu, Reijers. <br \/><em>Semi-supervised Streaming Anomaly detection using next activity Prediction: STAMP<\/em><\/li>\n<li>Kurdin, Kurdina. <br \/><em>Early Warning Detection of Honey Robbing from IoT Apiary Time Series in Precision Beekeeping<\/em><\/li>\n<\/ul>\n<p><a style=\"margin-top: -100px; display: block;\" name=\"raibis\"><\/a><\/p>\n<h2 style=\"margin-top: 130px;\">Requirements for AI and BI Systems<\/h2>\n<p><span class=\"zegar list-count\"><a style=\"color: #4a4a4a;\" href=\"#\">Friday, 12 June<\/a><\/span> <span class=\"zegar list-count\">12:00 &#8211; 13:30 CEST<\/span><\/p>\n<ul class=\"sps\">\n<li>Abbasi, Mikkonen, Pirinen, Koski. <br \/><em>Human-AI Interaction Requirements in Public Sector Procurements<\/em><\/li>\n<li>Schwaiger, Baum\u00fcller, Alaoui. <br \/><em>Activity-Based Cost &#038; GHG Accounting: Designing and Developing a Real-Time Add-On Application<\/em><\/li>\n<li>Dziembek, Paula. <br \/><em>Analysis of the relationship between the use of Cloud Business Intelligence systems and selected aspects of enterprise functioning<\/em><\/li>\n<\/ul>\n<h2 class=\"h2details\">Workshops<\/h2>\n<p><a style=\"margin-top: -100px; display: block;\" name=\"workshop1\"><\/a><\/p>\n<h2 style=\"margin-top: 130px;\">Workshop<\/h2>\n<p><span class=\"zegar list-count\"><a style=\"color: #4a4a4a;\" href=\"#\">Wednesday, 10 June<\/a><\/span> <span class=\"zegar list-count\">12:30 &#8211; 14:00 CEST<\/span><\/p>\n<ul class=\"sps\">\n<li>TBA<\/li>\n<\/ul>\n<p><a style=\"margin-top: -100px; display: block;\" name=\"workshop2\"><\/a><\/p>\n<h2 style=\"margin-top: 130px;\">Workshop<\/h2>\n<p><span class=\"zegar list-count\"><a style=\"color: #4a4a4a;\" href=\"#\">Wednesday, 10 June<\/a><\/span> <span class=\"zegar list-count\">15:30 &#8211; 17:00 CEST<\/span><\/p>\n<ul class=\"sps\">\n<li>TBA<\/li>\n<\/ul>\n<p><a style=\"margin-top: -100px; display: block;\" name=\"workshop3\"><\/a><\/p>\n<h2 style=\"margin-top: 130px;\">Workshop<\/h2>\n<p><span class=\"zegar list-count\"><a style=\"color: #4a4a4a;\" href=\"#\">Thursday, 11 June<\/a><\/span> <span class=\"zegar list-count\">09:00 &#8211; 10:30 CEST<\/span><\/p>\n<ul class=\"sps\">\n<li>TBA<\/li>\n<\/ul>\n<p><a style=\"margin-top: -100px; display: block;\" name=\"workshop4\"><\/a><\/p>\n<h2 style=\"margin-top: 130px;\">Workshop<\/h2>\n<p><span class=\"zegar list-count\"><a style=\"color: #4a4a4a;\" href=\"#\">Thursday, 11 June<\/a><\/span> <span class=\"zegar list-count\">11:00 &#8211; 12:30 CEST<\/span><\/p>\n<ul class=\"sps\">\n<li>TBA<\/li>\n<\/ul>\n<p><a style=\"margin-top: -100px; display: block;\" name=\"ails1\"><\/a><\/p>\n<h2 style=\"margin-top: 130px;\">AILS<\/h2>\n<p><span class=\"zegar list-count\"><a style=\"color: #4a4a4a;\" href=\"#\">Thursday, 11 June<\/a><\/span> <span class=\"zegar list-count\">14:00 &#8211; 15:30 CEST<\/span><\/p>\n<ul class=\"sps\">\n<li>TBA<\/li>\n<\/ul>\n<p><a style=\"margin-top: -100px; display: block;\" name=\"ails2\"><\/a><\/p>\n<h2 style=\"margin-top: 130px;\">AILS<\/h2>\n<p><span class=\"zegar list-count\"><a style=\"color: #4a4a4a;\" href=\"#\">Thursday, 11 June<\/a><\/span> <span class=\"zegar list-count\">16:00 &#8211; 17:30 CEST<\/span><\/p>\n<ul class=\"sps\">\n<li>TBA<\/li>\n<\/ul>\n<p><a style=\"margin-top: -100px; display: block;\" name=\"dc1\"><\/a><\/p>\n<h2 style=\"margin-top: 130px;\">Doctoral consortium<\/h2>\n<p><span class=\"zegar list-count\"><a style=\"color: #4a4a4a;\" href=\"#\">Friday, 12 June<\/a><\/span> <span class=\"zegar list-count\">10:00 &#8211; 11:30 CEST<\/span><\/p>\n<ul class=\"sps\">\n<li>TBA<\/li>\n<\/ul>\n<p><a style=\"margin-top: -100px; display: block;\" name=\"dc2\"><\/a><\/p>\n<h2 style=\"margin-top: 130px;\">Doctoral consortium<\/h2>\n<p><span class=\"zegar list-count\"><a style=\"color: #4a4a4a;\" href=\"#\">Friday, 12 June<\/a><\/span> <span class=\"zegar list-count\">12:00 &#8211; 13:30 CEST<\/span><\/p>\n<ul class=\"sps\">\n<li>TBA<\/li>\n<\/ul>\n<p><a style=\"margin-top: -100px; display: block;\" name=\"reception\"><\/a><\/p>\n<h2 class=\"h2details\" style=\"margin-top: 130px;\">Reception<\/h2>\n<p>TBA<\/p>\n<p><a style=\"margin-top: -100px; display: block;\" name=\"dinner\"><\/a><\/p>\n<h2 class=\"h2details\"  style=\"margin-top: 130px;\">Dinner<\/h2>\n<p>TBA<\/p>\n<\/div>\n","protected":false},"excerpt":{"rendered":"<p>This is a preliminary programme and is subject to change. 10th June 2026, Wednesday Time (CEST) Sessions Workshops &amp; Sessions&hellip; <\/p>\n","protected":false},"author":1,"featured_media":0,"parent":0,"menu_order":0,"comment_status":"closed","ping_status":"closed","template":"","meta":[],"_links":{"self":[{"href":"https:\/\/bisconf.org\/2026\/wp-json\/wp\/v2\/pages\/3011"}],"collection":[{"href":"https:\/\/bisconf.org\/2026\/wp-json\/wp\/v2\/pages"}],"about":[{"href":"https:\/\/bisconf.org\/2026\/wp-json\/wp\/v2\/types\/page"}],"author":[{"embeddable":true,"href":"https:\/\/bisconf.org\/2026\/wp-json\/wp\/v2\/users\/1"}],"replies":[{"embeddable":true,"href":"https:\/\/bisconf.org\/2026\/wp-json\/wp\/v2\/comments?post=3011"}],"version-history":[{"count":0,"href":"https:\/\/bisconf.org\/2026\/wp-json\/wp\/v2\/pages\/3011\/revisions"}],"wp:attachment":[{"href":"https:\/\/bisconf.org\/2026\/wp-json\/wp\/v2\/media?parent=3011"}],"curies":[{"name":"wp","href":"https:\/\/api.w.org\/{rel}","templated":true}]}}